{"id":2,"date":"2020-12-10T13:27:48","date_gmt":"2020-12-10T13:27:48","guid":{"rendered":"http:\/\/www.fionasironic.de\/?page_id=2"},"modified":"2025-06-08T18:19:23","modified_gmt":"2025-06-08T18:19:23","slug":"sample-page","status":"publish","type":"page","link":"http:\/\/www.fionasironic.de\/?page_id=2","title":{"rendered":"Texte"},"content":{"rendered":"\n<div class=\"wp-block-group is-style-default has-small-font-size\"><div class=\"wp-block-group__inner-container is-layout-constrained wp-block-group-is-layout-constrained\">\n<p>Fiona Sironic ver\u00f6ffentlichte Prosa in Zeitschriften und Anthologien. Au\u00dferdem schreibt sie Artikel \u00fcber Videospiele. In den kommenden Listen ist eine aktuelle Auswahl dieser Publikationen zu finden.<\/p>\n<\/div><\/div>\n\n\n\n<h2 class=\"wp-block-heading\">Buch<\/h2>\n\n\n\n<ul class=\"wp-block-list\">\n<li>(2025) <em><a href=\"https:\/\/www.harpercollins.de\/products\/am-samstag-gehen-die-madchen-in-den-wald-und-jagen-sachen-in-die-luft-9783753001067\">Am Samstag gehen die M\u00e4dchen in den Wald und jagen Sachen in die Luft<\/a><\/em>, Ecco-Verlag<\/li>\n<\/ul>\n\n\n\n<div class=\"wp-block-group is-style-default has-small-font-size\"><div class=\"wp-block-group__inner-container is-layout-constrained wp-block-group-is-layout-constrained\">\n<div class=\"wp-block-columns is-layout-flex wp-container-core-columns-is-layout-9d6595d7 wp-block-columns-is-layout-flex\">\n<div class=\"wp-block-column is-layout-flow wp-block-column-is-layout-flow\">\n<h2 class=\"wp-block-heading\">Literatur<\/h2>\n\n\n\n<ul class=\"wp-block-list\">\n<li>(2025)<a href=\"https:\/\/www.literatur-rheinland.de\/projekte\/textstellen\/jostensbusch\"> <em>Jostensbusch<\/em> <\/a>im Rahmen der <em>Textstellen<\/em> auf der Literaturkarte des Literaturlands Rheinland<\/li>\n\n\n\n<li>(2024) <em>Faunenschnitt II \u2013 Zum Faunenschnitt und verwandten Begriffen in meiner Arbeit am Roman &#8220;Am Samstag gehen die M\u00e4dchen in den Wald und jagen Sachen in die Luft&#8221;<\/em> auf <a href=\"https:\/\/www.vooo.space\/exhibitions\/gegenwartserde\">VOOO.space<\/a> im Rahmen des Projekts <em>Villa of Ones Own \/ Gegenwartserde<\/em><\/li>\n\n\n\n<li>(2020) <em>Schaum \/ Espuma<\/em> in <em>Blickwinkel: <a href=\"https:\/\/pitzileinbooks.com\/Blickwinkel-Momento-futuro\">Momento Futuro<\/a><\/em><\/li>\n\n\n\n<li>(2019) <em>Das ist der Sommer, in dem das Haus einst\u00fcrzt<\/em> in der <a href=\"https:\/\/www.allitera-verlag.de\/buch\/27-open-mike\/\">Anthologie des <em>27. Open Mike<\/em><\/a><\/li>\n\n\n\n<li><a href=\"https:\/\/www.malmoe.org\/2019\/10\/26\/eine-rindslederhandtasche-mit-schwangerschaftsstreifen-und-endlose-gaenge-in-traeumen\/\"><em>Meine Geb\u00e4rmutterschleimhaut st\u00f6\u00dft mich ab <\/em>in <em>Malmoe<\/em> 89<\/a><\/li>\n\n\n\n<li><a href=\"https:\/\/www.wortmeldungen.org\/fileadmin\/wortmeldungen\/files\/foerderpreis\/Sironic_Whd._kein_memo_an_mich_.pdf\"><em>Wdh.: Kein Memo an mich <\/em>auf <em>wortmeldungen.org<\/em><\/a><\/li>\n\n\n\n<li>(2018) <em>Molly \/ Da sind ja L\u00f6cher<\/em> in <a href=\"https:\/\/www.degruyter.com\/document\/isbn\/9783110617870\/html\"><em>JENNY <\/em>06<\/a><\/li>\n\n\n\n<li>(2017) <em>das ist der Sommer in dem das Haus einst\u00fcrzt <\/em>in <em><a href=\"https:\/\/www.bellatriste.de\/?p=1236\">BELLA triste 49<\/a><\/em><\/li>\n\n\n\n<li><em>Ihr sagt ja gar nichts <\/em>in <em><a href=\"https:\/\/www.liberladen.org\/product\/mosaik23-du-bist-fad\/\">mosaik 23<\/a><\/em><\/li>\n<\/ul>\n<\/div>\n\n\n\n<div class=\"wp-block-column is-layout-flow wp-block-column-is-layout-flow\">\n<h2 class=\"wp-block-heading\">Journalismus<\/h2>\n\n\n\n<ul class=\"wp-block-list\">\n<li>(2024) <em><a href=\"https:\/\/www.suedwind-magazin.at\/mit-games-die-welt-verstehen\/\">Mit Games die Welt verstehen<\/a><\/em> im S\u00fcdwind-Magazin Jan-Feb\/2024<\/li>\n\n\n\n<li>(2023) <a href=\"https:\/\/tagebuch.at\/2023\/08\/anna-anthropy-und-die-queere-videospielrevolution\/\"><em>Anna Anthropy und die queere Videospielrevolution<\/em><\/a>  im Tagebuch 9\/2023<\/li>\n\n\n\n<li>(2023) <a href=\"https:\/\/www.fluter.de\/computerspiele-politik\"><em>M\u00e4chtige Spiele<\/em><\/a> &#8211; f\u00fcnfteilige Miniserie zu Games im <a href=\"https:\/\/fluter.de\/heft87\">fluter Nr.87<\/a><\/li>\n\n\n\n<li>(2022) <a href=\"https:\/\/www.fluter.de\/games-klima-erderhitzung\"><em>Wer \u00fcberlebt das Jahrhundert &#8211; F\u00fcnf Games, die sich mit der Erderhitzung auseinandersetzen<\/em><\/a> im fluter online (Koautorin: Karoline Paier)<\/li>\n\n\n\n<li>(2021) <a href=\"https:\/\/www.fluter.de\/games-sterben-tod-trauer\"><em>Spiel mir das Loot vom Tod \u2013 Sechs Games \u00fcber Sterben, Tod und Trauer<\/em> im fluter online<\/a> (Koautorin: Karoline Paier)<\/li>\n\n\n\n<li><a href=\"https:\/\/www.fluter.de\/games-psychische-erkrankungen\"><em>Spiel die Depression <\/em>im fluter online<\/a> (Koautorin: Karoline Paier)<\/li>\n\n\n\n<li>(2020) <a href=\"https:\/\/www.fluter.de\/dating-liebe-games-listicle\"><em>F\u00fcnf Games, die dich auf dein n\u00e4chstes Tinder-Date vorbereiten<\/em> im fluter online<\/a> (Koautorin: Karoline Paier)<\/li>\n<\/ul>\n<\/div>\n<\/div>\n<\/div><\/div>\n","protected":false},"excerpt":{"rendered":"<p>Fiona Sironic ver\u00f6ffentlichte Prosa in Zeitschriften und Anthologien. Au\u00dferdem schreibt sie Artikel \u00fcber Videospiele. In den kommenden Listen ist eine aktuelle Auswahl dieser Publikationen zu finden. Buch Literatur Journalismus<\/p>\n","protected":false},"author":1,"featured_media":0,"parent":0,"menu_order":0,"comment_status":"closed","ping_status":"closed","template":"","meta":{"footnotes":""},"class_list":["post-2","page","type-page","status-publish","hentry","entry"],"_links":{"self":[{"href":"http:\/\/www.fionasironic.de\/index.php?rest_route=\/wp\/v2\/pages\/2","targetHints":{"allow":["GET"]}}],"collection":[{"href":"http:\/\/www.fionasironic.de\/index.php?rest_route=\/wp\/v2\/pages"}],"about":[{"href":"http:\/\/www.fionasironic.de\/index.php?rest_route=\/wp\/v2\/types\/page"}],"author":[{"embeddable":true,"href":"http:\/\/www.fionasironic.de\/index.php?rest_route=\/wp\/v2\/users\/1"}],"replies":[{"embeddable":true,"href":"http:\/\/www.fionasironic.de\/index.php?rest_route=%2Fwp%2Fv2%2Fcomments&post=2"}],"version-history":[{"count":21,"href":"http:\/\/www.fionasironic.de\/index.php?rest_route=\/wp\/v2\/pages\/2\/revisions"}],"predecessor-version":[{"id":180,"href":"http:\/\/www.fionasironic.de\/index.php?rest_route=\/wp\/v2\/pages\/2\/revisions\/180"}],"wp:attachment":[{"href":"http:\/\/www.fionasironic.de\/index.php?rest_route=%2Fwp%2Fv2%2Fmedia&parent=2"}],"curies":[{"name":"wp","href":"https:\/\/api.w.org\/{rel}","templated":true}]}}